uate 5 + 1 + 900 + -928.
-22
Evaluate (-1 - -8) + (3 - 4) + -1 + -23.
-18
Evaluate 25 + -28 + (1 + -1 - -12).
9
What is the value of 23 + (-20 - -7 - 1)?
9
What is 8 + 21 - (-6 + (5 + -9 - -8))?
31
Evaluate 4 - -25 - (11 - (6 + -8)).
16
53 + -60 - (3 + (-1 - -1 - 3))
-7
What is the value of 1 + (-3 - -16 - 22)?
-8
Calculate -21 - -43 - (2 + -4 + -9).
33
What is 2 + -11 + 6 + (-6 - -6) + -4?
-7
2 + (10 - 7 - 0 - 5) - 11
-11
Evaluate 23 + 3 + 7 - 63.
-30
What is the value of 2 + (-21 - (-14 + 5))?
-10
Evaluate -3 + 4 + (20 - 6 - 4).
11
Evaluate 6 - (4 - 12 - -1 - -5).
8
What is the value of 9 + (3 - (0 - 3) - 37)?
-22
What is the value of -8 + (-3 - (15 + -8)) + 3 + 2?
-13
Evaluate 0 + -7 - (-167 - -142).
18
(8 - 66) + 21 + 14
-23
Calculate -71 + 64 - (-1 - 4) - (-7 - 2).
7
What is the value of -15 - (-33 + -1 - -15)?
4
Evaluate (-7 - -13) + 5 - (4 + 5 + 25).
-23
Calculate -14 - (12 - 20) - (-16 - 0) - 4.
6
What is -15 - 20 - -2 - -65?
32
(3 - 21) + 8 + 5
-5
What is the value of -4 + (-1 - -1) - (20 + (6 - 27))?
-3
-3 + -5 + 0 + (0 - -6)
-2
Evaluate -4 + (-1 - (7 + (3 - 25))).
10
Calculate 30 - 0 - (-13 + (5 - -12)).
26
-10 + -17 + 33 + (0 - 9)
-3
What is 6 + (-7 - -2) + (1 - -3 - -2)?
7
(2 - 16) + (20 - 10) + -4
-8
Evaluate -2 - (9 - (31 + 0 + (-51 - -45))).
14
What is 3 + 0 - ((-9 - -4) + 3)?
5
Evaluate 98 - 102 - (-3 - (2 - (0 - -10))).
-9
Evaluate -35 + 15 + (0 - (3 - 8) - 12).
-27
-10 + 12 + -15 - (-2 + 0)
-11
What is 15 + 20 + 1 + -20?
16
What is the value of 1 - (-3 + -3 + (5 - (1 + 6)))?
9
(9 - 8) + 10 + 3
14
Calculate 8 + -4 + 7 + -1.
10
Calculate (-467 - -458) + (0 - (-3 - 0)).
-6
21 - (-20 + 24) - 28
-11
Evaluate -3 - (-1 - 1 - (11 - 12)).
-2
What is the value of -14 + 10 + 1 - (3 + -10 + 0)?
4
Calculate 34 - (-29 + 17 - -25).
21
-2 - (5 - 23) - (30 + -18)
4
Evaluate 17 + 8 + -4 + -10.
11
17 + -3 + (-20 - -32 - 17)
9
What is the value of 23 + -2 - (-1 + 22)?
0
Calculate (38 - 30) + (-4 - 5).
-1
What is the value of -11 - ((-46 - -41) + (0 - 4))?
-2
What is the value of -3 + 25 + -17 + 9?
14
Evaluate (-67 - -76) + (-4 + 6 - -16).
27
What is the value of 7 + (-15 - -8 - -17) + -1?
16
What is -9 + 0 + 2 + 27 + -2?
18
What is (42 - (-17 + 28)) + -40?
-9
What is 2 - 3 - (16 + -20)?
3
What is (-9 - (-4 + 6 + -4 + -4)) + -3?
-6
Calculate -13 + 52 + (9 - 10) + -7 + 6.
37
What is (-39 - -16) + -4 + 13?
-14
Evaluate -4 + -5 + 18 + 2.
11
6 + -7 + (0 - (4 + 0) - -1)
-4
Calculate 0 + 3 + 15 + (11 - 14) + -5.
10
14 + -27 + (-27 - -19)
-21
Evaluate -4 - ((14 - 5) + -4) - 3.
-12
What is 0 + 19 + (-3 - 8) + -23 - -10?
-5
2 - 8 - -21 - 40 - (3 - -5)
-33
17 - ((5 - 4) + 12)
4
What is 21 + -13 - (-2 - -22)?
-12
Evaluate -1 + 2 + -1 - (228 - 241).
13
What is -7 - -2 - (-21 + -9)?
25
Calculate -1 + -20 + -9 + 32.
2
Calculate -2 + 1 + 3 + -2 - (-7 - -25).
-18
-28 + (-16 - -19) + 10
-15
What is 5 + -56 + 58 + (4 - 3 - 21)?
-13
Calculate 10 + (-2 + 5 + 3 - 0 - 7).
9
Evaluate (-273 + 277 - (-2 + 1)) + (0 - 0).
5
-14 - ((-10 + 6 - 9) + -1)
0
What is -24 + 0 - (745 + -782)?
13
What is -9 - (-26 + 6 + 11)?
0
0 - -4 - (-87 - -121)
-30
(-3 - (-2 - 10)) + (-145 - -156)
20
What is the value of 8 - (0 + -3 - -4) - 0?
7
Calculate (4 - (-1 - (-3 + 5 + -2))) + 7.
12
Calculate 9 + (10 - 10) + -12.
-3
What is the value of (3 - -4) + (-31 - -15)?
-9
What is -12 - (0 + 16 + -14)?
-14
Evaluate -20 + 0 - (70 - (174 + -94)).
-10
What is (17 - -6) + -28 - 14?
-19
-12 + (10 - -10 - 28)
-20
-1 + 4 + 0 + (10 - 4) + -18
-9
What is the value of -108 - -110 - (-5 + 0 + 40)?
-33
Evaluate 25 + (-4 - (12 + -10) - 5).
14
Evaluate (12 - 25) + 10 + 3.
0
Calculate (6 - 4) + -16 - (5 - 17).
-2
What is the value of -20 + 51 + -19 + 0 + -5?
7
What is 5 + (-2 - (5 - (-1 + 6)) - -1)?
4
What is (-16 - (1 + 0)) + -26 + (-7 - -23)?
-27
Calculate (28 + -2 - 1) + -280 + 270.
15
What is the value of (9 + -1 - 1 - 4) + 7?
10
8 - (2 - (3 + -12)) - (0 - 2)
-1
What is 14 + -6 + (4 - 15) - -15?
12
Calculate -6 + (0 + -12 - -10).
-8
What is the value of 7 - (-6 - 14 - (-20 + 15))?
22
24 - ((-9 - 3) + 34)
2
What is the value of 3 + (-9 - (-6 - (7 - 8))) + -5?
-6
What is the value of 26 - (7 - (-5 + 18 - 19))?
13
What is the value of 3 + (23 + -7 - 6) + -3?
10
Evaluate 12 + -6 - (3 - (3 + -12)) - 0.
-6
Evaluate 4 + -5 + 6 + -1 + -8.
-4
Calculate -3 + (1 - 3 - 0 - (65 - 68)).
-2
Calculate (12 + -6 - -7) + (2 - 7).
8
What is (3 - 13 - -26) + (15 - 59)?
-28
-1 + 7 - (-3 - -21 - 14 - 9)
11
What is -7 - (28 + -18 + -17 + (-1 - -6))?
-5
Calculate (9 + -13 - (38 - 1)) + 77 + -70.
-34
Evaluate 7 + (-80 - -87 - (1 - -14)) - -3.
2
What is the value of 10 - (0 + 18 - (-15 + 22))?
-1
8 - (-15 + 20) - -9
12
Evaluate (-13 - 6) + -24 + 50.
7
4 + 7 + -26 + (9 + -3 - 0)
-9
What is the value of 2898 + -2906 + -1 + -5 + (1 - 0)?
-13
-13 - -1 - (475 + -482)
-5
Calculate -5 - -1 - -5 - (-43 - -50).
-6
What is (20 - (10 - 18)) + -13?
15
What is (-6 - (-30 + (1 - -4))) + (-4 - -11)?
26
What is (0 - (0 + -6)) + 5 + 11 + -19?
3
What is the value of -17 - (2 + 4) - -15?
-8
Evaluate (-2 + -5 - -2) + 13 + 5.
13
Evaluate (-2 - (3 - 1)) + 33 + 29 + -65.
-7
-38 - (-2 - ((-20 - -27) + -6 + -1))
-36
What is the value of 14 + -25 + 5 + 7?
1
(-106 + 99 - (-22 + 0)) + (6 - -1)
22
Evaluate 8 + (50 + -62 - ((-6 - 3) + 1)).
4
Calculate 10 - 1 - (-14 - -29 - (12 - 4)).
2
What is the value of 4 + -9 + -62 - -41?
-26
Evaluate 7 - ((-40 - -51) + -10 + 3 + -2).
5
(43 - 52) + (0 + 1 - -9)
1
Calculate (-1 - (0 - 7)) + (-10 - -22).
18
Evaluate -5 + (-3 + -1 - (-15 - -14)).
-8
Calculate -6 + (18 - (7 - 5)).
10
Evaluate 5 + 10 + -1 + -37 + 22.
-1
Calculate 17 - (17 - (26 + -36)).
-10
-13 - -2 - (-4 + 4 - (-27 - -30))
-8
Evaluate -29 + (5 - -9) + 11 + (6 - 1).
1
What is the value of -1 + 5 + -9 + -7 + (-33 - -55)?
10
What is 29 + (-4 - -3 - 29)?
-1
What is the value of 16 - (-6 - (-2 + 2 + 0) - -5)?
17
What is the value of 9 - 10 - 1 - -4 - (6 - 0)?
-4
Calculate (-21 - (-11 + -15)) + -1 + (0 - 0).
4
What is 1 + (-4 - -3) + (-41 - -37) - -3?
-1
Calculate -7 + (7 - 8 - -3) - (0 + 11).
-16
What is the value of (-1 - -28) + -6 + -10?
11
Evaluate -7 - ((50 - 73) + (9 - 1 - 1)).
9
What is -1 + 9 + (21 - 16)?
13
What is -29 - ((47 - 86) + 7)?
3
Calculate 0 + 3 + -73 + 72 + (0 - -19).
21
What is 8 - (3 + ((1 - 4) + 0 - -2))?
6
What is 14 - (18 + -2) - ((-33 - 0) + 2)?
29
What is the value of 3 + -29 + -1 + -50 + 59?
-18
What is 5 + 0 + 6 + -14 - (1 + -2)?
-2
What is -3 + (-6 + 13 - (-24 - 2)) + 7?
37
Calculate 1 + (-1 + -4 - (-65 + 49)).
12
(37 - 9) + -34 - 18
-24
Evaluate 6 - (15 - (-14 - -30)).
7
Evaluate -12 + 0 + (2 - -2) - -20.
12
What is the value of 4 + -50 + (15 - -13)?
-18
Calculate 14 - (13 + 9) - -5.
-3
What is the value of 24 - (-15 - -49) - -2?
-8
What is the value of (-7 - (-18 + 5)) + -7?
-1
15 + (3 - 5) - (121 + -118)
10
What is the value of -21 + -3 - (44 + -47)?
-21
Calculate 6 + -12 + 6 + 5 + 1.
6
What is (35 + -31 - -3) + (-1 + 2 - 7)?
1
-3 + 12 + 3 - (-1 + 4)
9
(-4 - -9 - (1 + 18)) + 5 + 2
-7
Evaluate (12 - 1) + (9 - (13 - -3)).
4
Calculate (10 + -1 - -3) + -16.
-4
What is (-22 + 50 - 31) + (-33 - -2)?
-34
Evaluate 0 + -1 + 6 + -3 + 3.
5
What is the value of (-32 - -8) + 14 + (31 - -1)?
22
Calculate -8 - -19 - (8 + -2) - 0.
5
What is (2 - 0 - (3 + 12 + -9)) + 0?
-4
Evaluate 6 - ((-6 - -10) + 3) - -6.
5
Calculate 7 + (-1 + -21 - 5).
-20
4 + (-10 - (-1 - 11)) + -11
-5
Evaluate -5 + (3 - (-2 - -2)) + 0 + 6.
4
Calculate -4 - -1 - (9 + (-7 - 15) + 9).
1
What is the value of 2 + 4 + -12 + -1 + 8 + -5?
-4
What is the value of 15 + ((-14 - (3 + -10)) + 3 - -4)?
15
What is the value of -13 - (2 - (9 - 11 - -2))?
-15
What is the value of 10 + 0 + 1 + -9 + 20 + -8?
14
What is (4 + 5 - 12) + 1 + 9?
7
5 + -4 + -6 + (142 - 143)
-6
What is (8 - 8) + -2 - (10 + 3)?
-15
(0 + 5 - (28 - 13)) + 8
-2
Evaluate 8 + -3 + -9 + (18 - 3) - 2.
9
What is the value of -4 + 4 + (-47 - -44)?
-3
What is (-1 - -11) + 17 + (-27 - -10) - 7?
3
Calculate 3 - 24 - -21 - (4 + 0).
-4
What is -2 - -7 - -2 - (-211 - -217)?
1
-9 - (-16 + 14 + -17)
10
Evaluate -8 + 7 + 8 + -1 - 6.
0
Evaluate 6 + 6 - (-3 + 2 - -6) - 4.
3
0 - (22 - (-17 - -35))
-4
Calculate 6 - (7 + 12 + -6).
-7
What is 31 + (-13 - (7 - 0))?
11
Evaluate -1 - 0 - ((-1 - 3 - -11) + -14).
6
What is the value of -22 - (0 + -